2 - 66*i + 375. Determine o(25).
-25
Let r(v) = -v**3 + 3*v**2 + 150*v + 37. Determine r(14).
-19
Let p(z) = z**3 + 17*z**2 - 111*z - 44. Give p(-22).
-22
Let p(f) = -401*f + 19666. Give p(49).
17
Let b(t) = t**3 + 89*t**2 + 648*t + 76. What is b(-81)?
76
Let m(o) = -o**2 + 11*o - 15. What is m(13)?
-41
Let d(k) = -k**3 + 31*k**2 - 24*k - 163. Determine d(30).
17
Let u(c) = 3*c**3 + 4*c**2 - 3*c + 9. Calculate u(3).
117
Let t(u) = u**3 + 26*u**2 + 158*u - 2. Give t(-14).
138
Let i(u) = 6*u**2 + 9*u - 4. Give i(1).
11
Let n(s) = s**2 + 22*s - 1106. What is n(24)?
-2
Let z(k) = -k**3 + 51*k**2 + 759*k + 38. What is z(-12)?
2
Let v(u) = -29*u + 546. Give v(18).
24
Let k(w) = -38*w - 518. What is k(-14)?
14
Let z(a) = 457*a + 4096. Determine z(-9).
-17
Let k(q) = 344*q + 4104. Determine k(-12).
-24
Let c(q) = q**3 + 59*q**2 + 7*q + 386. What is c(-59)?
-27
Let i(z) = 117*z + 2684. Calculate i(-23).
-7
Let y(q) = 3*q**2 - 221*q - 67. Determine y(74).
7
Let i(d) = 60*d**3 - d**2 + 3*d + 3. What is i(-2)?
-487
Let v(m) = -4*m**2 - 106*m - 147. What is v(-24)?
93
Let z(j) = 97*j - 427. Determine z(9).
446
Let v(j) = 30*j**2 - 26*j + 34. Calculate v(2).
102
Let m(u) = 2*u - 225. What is m(-13)?
-251
Let o(x) = -x**2 - 71*x + 2831. Determine o(-100).
-69
Let f(y) = 24*y**2 - 194*y - 5. What is f(7)?
-187
Let b(t) = -35*t + 256. What is b(5)?
81
Let y(g) = -17*g - 548. What is y(-32)?
-4
Let t(v) = -v**2 + 15*v + 62. What is t(21)?
-64
Let u(h) = h**3 + h**2 - 1059*h + 9. Give u(0).
9
Let a(t) = 61*t**3 + 2*t**2 + 16*t - 19. What is a(1)?
60
Let v(m) = -m**2 - 297*m + 2445. What is v(8)?
5
Let g(a) = -123*a**2 + 491*a + 8. Determine g(4).
4
Let m(g) = 2*g**2 + 19*g + 15. What is m(-13)?
106
Let m(l) = l**3 + 11*l**2 - 44*l + 24. Calculate m(-14).
52
Let y(w) = -69*w + 267. Calculate y(4).
-9
Let f(b) = 286*b - 1407. Calculate f(5).
23
Let o(n) = 196*n**2 + 1265*n - 17. Determine o(-7).
732
Let o(t) = t**3 - 18*t**2 + 34*t - 16. What is o(16)?
16
Let u(p) = -p**2 - 15*p + 26. Calculate u(-15).
26
Let n(r) = -743*r - 27479. Give n(-37).
12
Let r(g) = -252*g - 1511. Calculate r(-6).
1
Let u(v) = 9*v**2 + 87*v - 38. Calculate u(-10).
-8
Let h(x) = -23*x**3 + 968*x**2 - 82*x - 55. What is h(42)?
29
Let a(w) = w**3 + 8*w**2 - 6*w - 9. Calculate a(-8).
39
Let l(z) = -z**3 + 116*z**2 + 238*z - 259. Give l(118).
-23
Let p(x) = x**2 - 24*x + 95. Determine p(20).
15
Let i(p) = -296*p - 2969. Give i(-10).
-9
Let u(j) = 626*j + 11230. Calculate u(-18).
-38
Let z(s) = 73*s - 985. Determine z(14).
37
Let p(c) = -369*c + 1845. Give p(5).
0
Let n(y) = -y**3 - 7*y**2 + 4*y - 5. What is n(-8)?
27
Let s(r) = 208*r + 4593. What is s(-22)?
17
Let i(o) = 342*o + 2034. Calculate i(-6).
-18
Let x(b) = 51*b - 4241. What is x(85)?
94
Let h(l) = l**3 + 15*l**2 + 12*l + 14. Calculate h(-10).
394
Let w(s) = -2*s**3 - 150*s**2 + 2*s + 133. Determine w(-75).
-17
Let m(l) = 566*l - 6219. Give m(11).
7
Let y(c) = 126*c + 182. Calculate y(0).
182
Let g(z) = 511*z + 17359. Determine g(-34).
-15
Let i(q) = 600*q - 821. Give i(3).
979
Let f(u) = -21*u + 184. Calculate f(10).
-26
Let u(v) = v**3 + 95*v**2 + 288*v + 205. Determine u(-92).
-899
Let b(r) = 796*r**2 + 52534*r - 137. What is b(-66)?
-5
Let t(g) = 130*g - 422. Calculate t(3).
-32
Let m(q) = q**3 + 21*q**2 + 5*q - 40. What is m(-21)?
-145
Let z(m) = -3*m**3 + 21*m**2 - 14*m - 11. Give z(6).
13
Let u(g) = 18*g - 415. Calculate u(26).
53
Let d(s) = -9*s**2 + 117*s + 55. Calculate d(13).
55
Let c(u) = -114*u**2 - 544*u + 102. What is c(-5)?
-28
Let a(y) = 163*y - 6977. Calculate a(43).
32
Let k(y) = 18*y - 171. Give k(42).
585
Let h(r) = 279*r**3 + 17*r**2 - 4*r - 3. Determine h(-1).
-261
Let d(n) = -n**2 - 14*n - 57. Calculate d(-6).
-9
Let j(w) = -w**3 + 27*w**2 - 47*w - 55. What is j(25)?
20
Let i(h) = 520*h + 128. Calculate i(-1).
-392
Let s(g) = -g**2 - 14*g - 1. Calculate s(-6).
47
Let z(r) = -21*r - 1085. Calculate z(-51).
-14
Let b(k) = -k**2 - 1587*k - 22016. Calculate b(-14).
6
Let s(m) = -3982*m - 19922. Calculate s(-5).
-12
Let a(w) = -w**3 + 10*w**2 - 28*w + 10. Determine a(5).
-5
Let w(p) = -p**2 - 61*p - 849. Give w(-22).
9
Let w(b) = 5700*b + 45603. Give w(-8).
3
Let s(g) = -g**3 - 77*g**2 + 171*g + 996. Determine s(-79).
-31
Let p(n) = -2*n**3 + 208*n**2 - 184*n - 2301. Give p(103).
-35
Let h(g) = g**3 + 14*g**2 + 43*g + 229. Determine h(-12).
1
Let r(m) = 711*m - 71103. Determine r(100).
-3
Let o(h) = -217*h + 464. What is o(2)?
30
Let t(v) = 23*v + 630. What is t(-28)?
-14
Let a(h) = 12*h**2 + 2012*h + 6029. Give a(-3).
101
Let w(f) = f**3 - 50*f**2 + 132*f - 1725. What is w(48)?
3
Let q(m) = -m**2 - 250*m - 3119. What is q(-13)?
-38
Let o(v) = 100*v - 1892. What is o(21)?
208
Let f(p) = p**3 + 20*p**2 + 34*p - 56. What is f(-17)?
233
Let c(l) = -l**3 + 67*l**2 - 207*l + 962. Give c(64).
2
Let a(l) = -127*l**2 - 381*l + 6. Determine a(-3).
6
Let l(d) = d**3 - 8*d**2 - 9*d + 150. Calculate l(10).
260
Let n(r) = -7*r**3 - 8*r**2 - 27*r - 38. Calculate n(-3).
160
Let t(z) = 8875*z + 44378. Determine t(-5).
3
Let g(s) = 2575*s - 54084. Determine g(21).
-9
Let s(m) = 5*m**2 - 53*m + 166. Determine s(7).
40
Let t(q) = -136*q - 957. Calculate t(-7).
-5
Let x(j) = j**3 - 11*j**2 - 298*j + 4. What is x(24)?
340
Let z(r) = -21*r**3 + 4*r**2 - 5*r - 8. Determine z(-1).
22
Let o(p) = 6*p**2 + 6089*p - 6091. Give o(1).
4
Let b(i) = -629*i - 48436. Calculate b(-77).
-3
Let w(z) = 4*z**2 + 2*z - 6. Calculate w(3).
36
Let c(p) = -89*p**3 + 26*p + 25. Determine c(-1).
88
Let u(v) = v + 124. Give u(-9).
115
Let d(u) = -12*u**2 + 99*u + 15. Determine d(7).
120
Let b(k) = -30*k + 2. Calculate b(6).
-178
Let g(p) = -3*p**2 - 23*p + 186. Give g(5).
-4
Let g(r) = -19*r - 196. Determine g(-27).
317
Let r(f) = 41*f**2 - 8*f + 8. Determine r(-2).
188
Let t(o) = 10*o + 23. Give t(-7).
-47
Let s(x) = -725*x - 1441. Give s(-2).
9
Let w(r) = r**2 - 69*r - 731. Give w(-8).
-115
Let p(j) = -71*j**2 + 3551*j - 36. Determine p(50).
14
Let u(x) = -960*x - 9617. Determine u(-10).
-17
Let s(w) = -388*w - 938. Determine s(-3).
226
Let w(m) = 78*m**2 + 22*m + 21. Give w(-1).
77
Let l(c) = 22*c**2 - 3*c - 24. What is l(0)?
-24
Let p(h) = -28*h - 8. Calculate p(-3).
76
Let c(b) = -2*b**3 + 9*b**2 + 23*b + 29. Calculate c(7).
-55
Let x(y) = 13*y - 257. Give x(18).
-23
Let o(p) = 2196*p - 149324. Give o(68).
4
Let y(s) = -241*s + 1116. Calculate y(5).
-89
Let r(o) = 74*o**2 - 7029*o - 96. Give r(95).
-1
Let u(t) = 5*t**2 + 55*t - 603. What is u(9)?
297
Let b(n) = 145*n - 1611. Give b(10).
-161
Let r(b) = 93*b - 704. What is r(4)?
-332
Let d(x) = x**2 + 20*x + 95. Determine d(-34).
571
Let b(x) = -71*x - 27. Determine b(3).
-240
Let k(u) = 3*u**2 + 269*u + 663. Calculate k(-87).
-33
Let r(c) = -382*c + 4237. Determine r(11).
35
Let a(w) = 6957*w - 125229. Give a(18).
-3
Let y(l) = 23*l - 57. Determine y(13).
242
Let o(x) = -x**3 + 9*x**2 + 23*x - 111. Calculate o(10).
19
Let q(l) = 34*l**2 + 1221*l + 9. Calculate q(-36).
117
Let l(f) = -96*f + 992. What is l(10)?
32
Let c(o) = 3*o**3 + 23*o**2 + 52*o + 12. Calculate c(-2).
-24
Let k(o) = 8*o + 247. Determine k(-35).
-33
Let t(n) = n**2 + 246*n + 11040. What is t(-187)?
7
Let q(g) = 3*g**3 - 8*g - 3. What is q(3)?
54
Let a(s) = -49*s - 908. Give a(-18).
-26
Let v(o) = 621*o + 6835. Calculate v(-11).
4
Let j(i) = 3*i**2 + 37*i - 42. What is j(-13)?
-16
Let t(f) = -f**2 - 214*f + 5717. What is t(24)?
5
Let u(t) = -36*t + 13. What is u(2)?
-59
Let j(a) = 102*a + 622. Determine j(-6).
10
Let a(p) = p**2 - 19*p - 36. Determine a(-2).
6
Let m(u) = -u**3 + 16*u**2 + 45*u - 38. Determine m(18).
124
Let r(x) = -x**2 - 3*x + 237. What is r(-19)?
-67
Let c(f) = -1663*f - 8309. Give c(-5).
6
Let u(d) = 53*d - 399. What is u(7)?
-28
Let g(t) = -8*t**2 - 49*t + 7. Give g(-3).
82
Let r(m) = -m**3 - 54*m**2 + 24*m + 6659. What is r(-52)?
3
Let x(c) = -c**3 + 98*c**2 + 4157*c + 389. Determine x(130).
-1
Let f(u) = -318*u + 57564. Determine f(181).
6
Let a(p) = p**3 - 10*p**2 - 6*p - 15. What is a(11)?
40
Let n(i) = 431*i + 56894. Determine n(-132).
2
Let d(r) = -803*r - 875. Determine d(-1).
-72
Let p(d) = -61*d - 237. What is p(-4)?
7
Let c(x) = 1484*x - 1. What is c(0)?
-1
Let a(p) = 3*p**2 - 3417*p + 13656. Give a(4).
3